e highest common divisor of 4 and o?
1
Let g = 17 + 19. What is the greatest common factor of 12 and g?
12
Let q(x) = x**3 - 8*x**2 + 9*x + 8. Let v be q(7). What is the highest common divisor of 2 and v?
2
Suppose -4*o - 25 = -93. Let d = 69 + 89. Suppose 3*f - d = 250. Calculate the greatest common divisor of o and f.
17
Let m = 21 - -30. Suppose v = 6*v - 2*x - 85, -x = 3*v - m. Let g = 206 - 87. What is the highest common divisor of v and g?
17
Let x = 534 + -331. Calculate the greatest common divisor of x and 29.
29
Suppose 5*i = 2*l + 21, 5*i = 4*i + 5. Suppose l*k = k, -4*r + 48 = -k. Calculate the greatest common factor of 12 and r.
12
Suppose -4*h + 0*h - 48 = -2*g, 0 = -4*h + 12. Calculate the highest common divisor of g and 10.
10
Suppose -7*g + 8*g - 12 = 0. Calculate the highest common divisor of g and 60.
12
Let z = 79 + -65. What is the greatest common factor of 112 and z?
14
Let n = 28 + -16. Calculate the highest common factor of n and 96.
12
Suppose -3*y + 7*y - 92 = 0. What is the highest common factor of 184 and y?
23
Let v(m) = 2*m**2 - 4*m - 2. Let g be v(-3). Let p(u) = -32*u + 6. Let k be p(4). Let b = k + 192. Calculate the greatest common factor of b and g.
14
Suppose 2*r = -3*r + 20. Suppose -28 = r*n + 4. Let t(s) = -s**2 - 11*s - 4. Let g be t(n). Calculate the greatest common divisor of 220 and g.
20
Let x = 16 - -17. Let t be (4 - 8)/((-2)/x). What is the highest common divisor of t and 6?
6
Suppose -s + 0*t + 23 = -t, -2*s + 5*t + 31 = 0. Calculate the greatest common divisor of s and 14.
14
Suppose 1 = c, 0 = 3*d - 5*c - 85 - 90. What is the greatest common divisor of d and 30?
30
Let h be 2/(4/(-18)*-3). Suppose 5*v - h*v - 32 = 0. Let l be 0 + 8/((-2)/(-1)). What is the greatest common factor of v and l?
4
Let y be 0 - (-1 + 3 - 4). Suppose -u + 18 = 2*w, 5*u = -w - 0*w + 54. Calculate the greatest common divisor of y and u.
2
Let d = -2 + 2. Suppose 2*h - 4 = -d. Suppose -h*a + 5*a - 39 = 0. What is the greatest common divisor of a and 26?
13
Suppose 3*n + 6 = 4*n. Calculate the greatest common factor of n and 78.
6
Let d be -4 + 2 + 8/1. Suppose -3*j + 0*j = -d. Calculate the greatest common factor of 5 and j.
1
Suppose 0 = 5*o + 4*m - 101, 4 = 5*o + 3*m - 98. Calculate the highest common factor of o and 7.
7
Let q = 6 + -4. Let v(t) = -t**3 - 6*t**2 + 1. Let s be v(-6). Suppose -i - s = -2. What is the greatest common factor of q and i?
1
Suppose -4*j = j. Suppose j*h = h. Suppose v = d - 6, h*v - v = d - 10. What is the highest common factor of d and 32?
8
Let h be ((-9)/(-18))/(2/40). Calculate the greatest common factor of 80 and h.
10
Suppose -11*q + 866 + 850 = 0. What is the greatest common divisor of q and 104?
52
Let o = -25 - -35. What is the greatest common divisor of 10 and o?
10
Suppose 0 = -c + 6*c - 15. Suppose -4*u - 370 = -c*w + 54, -5*u + 388 = 3*w. Suppose 0 = 5*r - w - 494. Calculate the highest common divisor of 14 and r.
14
Let y be 105/(-10)*(-4)/6. Let u = -2 + y. What is the highest common divisor of 25 and u?
5
Let j = 2 - 6. Let y be (51/2)/((-3)/4). Let v be 5/(-10) + y/j. Calculate the highest common factor of v and 8.
8
Let n = -20 + 2. Let b be (10/(-4))/(1/n). What is the greatest common factor of b and 18?
9
Suppose 4*p - 513 = -5*u, -3*p - 2*u + 405 = -5*u. Let k be -1*(-8)/6*-3. Let i be (1 - -23)*(-2)/k. What is the highest common divisor of i and p?
12
Suppose 150 = c + 4*i, 0 = 3*c - i - 168 - 295. Calculate the highest common factor of 14 and c.
14
Suppose -3*g - 7 = -4*g. Calculate the greatest common factor of g and 28.
7
Let h be (-212)/(-8) - 6/4. Let a = h - 8. Calculate the greatest common factor of a and 17.
17
Let z(y) = -73*y - 5. Let k(n) = 1. Let f(t) = 4*k(t) + z(t). Let i = -9 - -8. Let h be f(i). What is the greatest common divisor of 8 and h?
8
Let q(l) = -20*l + 32. Let r(b) = -b + 1. Let y(a) = -q(a) + 24*r(a). Let w be y(-6). What is the highest common divisor of w and 32?
16
Let w be (-14)/77 - (-1214)/22. Let i = 0 + 2. Suppose -6*x + 39 = -3*x - 2*v, i*v - 49 = -5*x. Calculate the greatest common factor of w and x.
11
Let r(h) = -h + 9. Let m = -4 + 28. Let i = m - 17. Let q be r(i). What is the highest common factor of 1 and q?
1
Let n(t) = -t**3 - 4*t**2 + 6*t. Let f be n(-6). What is the highest common factor of 9 and f?
9
Let r = -8 + 13. Suppose 0*y = 2*y - 3*u - 36, r*u + 25 = y. What is the greatest common factor of 45 and y?
15
Suppose 5 = 2*t - 15. Calculate the highest common divisor of 70 and t.
10
Let p(b) = -b**3 - 3*b**2 - 2*b + 1. Let w be -2 + (-5)/(15/6). Let r be p(w). Let s = -9 - -19. What is the greatest common factor of r and s?
5
Let j = 45 + -11. What is the highest common factor of j and 85?
17
Let y be 320/30 - 4/(-3). What is the greatest common divisor of 30 and y?
6
Let n(u) = -u**3 - 12*u**2 - 11*u + 9. Suppose 4*b = -31 - 13. Let p be n(b). Calculate the highest common divisor of p and 36.
9
Suppose 5*h - 844 = 196. What is the highest common divisor of 26 and h?
26
Suppose 137 = 4*x + h, -h - 3 = -4*h. What is the greatest common divisor of 17 and x?
17
Let b = -6 + 5. Let i be (4 + b)/((-1)/(-3)). Calculate the highest common factor of 27 and i.
9
Let x = 21 + 9. Let o be (-4)/x - (-7520)/150. Calculate the greatest common factor of o and 10.
10
Let n(h) = h**3 - 4*h**2 + h + 3. Let p be n(4). What is the greatest common divisor of p and 1?
1
Suppose d = -d + 4. Suppose -d*n = n. Let s be (-4 - -3) + n + 9. What is the greatest common divisor of 24 and s?
8
Suppose p = -p + 22. Suppose 0 = 7*s - 21. Suppose 5*t - s*v = 232, -4*v + 76 = 2*t - v. Calculate the greatest common factor of t and p.
11
Let f be 2 + -1 + -1 + 1. Let w(p) = -p**2 + 11*p - 13. Let d be w(10). Let m = f - d. What is the greatest common factor of 44 and m?
4
Suppose -21 = 5*k - 66. Suppose -2*s - k - 11 = 0. Let z be 182/5 + 4/s. Calculate the greatest common divisor of z and 9.
9
Let u be ((2 - 2)/(-2))/3. Suppose 3*s - 2*s - 51 = u. Suppose 5*n - 145 = -5*k, -5*n + 0*n - 3*k = -155. Calculate the highest common divisor of s and n.
17
Let l be (-1)/(0 - (-1)/(-2)). Suppose -2*m - 73 = -5*y + 304, 158 = l*y + m. Suppose -7*c + 9*c - 14 = 0. Calculate the greatest common factor of y and c.
7
Let a be (-25)/(-15)*(1 - -2). Suppose -f + a*q + 3 + 62 = 0, f - 4*q - 64 = 0. Suppose -5*l = -f - 115. Calculate the highest common factor of 14 and l.
7
Let o = -17 - -24. Suppose 2*n + 6 = 0, 2*n + 210 = 4*m - 104. What is the greatest common factor of m and o?
7
Let v = 11 - 18. Suppose 3*b + 14 + 1 = 0. Let t = b - v. Calculate the greatest common divisor of t and 1.
1
Let s = 8 - 0. Calculate the highest common divisor of 12 and s.
4
Suppose 5*h - j - 5 - 65 = 0, -5*h - 5*j = -40. What is the greatest common divisor of 39 and h?
13
Suppose -v = 3*v - 56. Suppose -3*i + 110 = v. Calculate the highest common factor of 48 and i.
16
Let g = 6 + -5. Let z = 0 + g. Calculate the greatest common divisor of z and 11.
1
Suppose -111 = 4*d - 5*q, 0 = -2*d + q + 19 - 70. Let i = d + 104. Suppose -3*g + t = -59, 2*t = -4*g + 8*g - 78. What is the highest common factor of g and i?
20
Suppose -5*x = -2*x - 6. Suppose 69 = y - w, 5*y - w - 335 = x*w. Calculate the highest common divisor of y and 16.
16
Suppose 4*z = z + 33. Calculate the greatest common factor of 11 and z.
11
Let h be ((-56)/(-6))/(8/60). Let v(w) = -w**3 - 3*w**2 - 2*w. Let g be v(-2). Suppose g = 3*x - h + 16. What is the highest common factor of 12 and x?
6
Let t = -5 - -9. Suppose -3*b - m + 12 = -15, -t*b - m = -35. What is the highest common factor of b and 88?
8
Suppose -4*h + x - 35 = -6, 5 = x. Let w be (-310)/h - 4/(-12). Suppose -5*u = -438 - w. Calculate the greatest common divisor of 14 and u.
14
Suppose -3*l - 5*m = -323, -3*m + 363 = 4*l - 86. Suppose j - 4*j + l = 4*s, 3*s - 114 = -3*j. Calculate the highest common divisor of j and 12.
12
Suppose -3*j = -97 + 25. Let l be -10*j/(-20)*2. Calculate the highest common factor of 12 and l.
12
Suppose 5*f - 65 + 10 = 0. Let c(x) = x**2 - 9*x - 2. Let u be c(f). Suppose -6*a + u = -a. What is the greatest common factor of 16 and a?
4
Suppose 5*c - 69 = 2*c. Let f be -3*92/(-12)*4. What is the highest common divisor of c and f?
23
Suppo